 13395 + 38227 = -2*s, -3*i + 77453 = s. What is the units digit of i?
6
Let t(q) be the second derivative of q**4/2 + q**3 - 4*q**2 - 32*q - 1. What is the tens digit of t(3)?
6
Let k be -6*((-51)/(-8))/((-3)/(-20)). Let s = k + 471. What is the units digit of s?
6
Suppose -5*q = -932 - 918. Suppose v - q = -v + 4*j, -3*j = -15. What is the units digit of v?
5
Let n(z) = -128*z**2 - 7*z. Let o(c) be the second derivative of 85*c**4/4 + 13*c**3/6 + 28*c. Let p(u) = 11*n(u) + 6*o(u). What is the hundreds digit of p(1)?
1
Suppose 0 = 4*i, 4*i = 5*o + 60 - 190. Let k be -6*(4 - (-3)/(-6)). Let n = o - k. What is the units digit of n?
7
Let a(o) = 18*o**3 + 11*o**2 - 26*o + 136. What is the tens digit of a(7)?
6
Suppose -11*w + 65 = -100. Suppose -25 = -5*a, -w*i - 3*a - 2799 = -18*i. What is the tens digit of i?
3
Suppose -2*s + f + 1010 + 35 = 0, 4*f - 1030 = -2*s. Suppose -3*i + s + 295 = 2*h, 0 = 4*i + 5*h - 1081. What is the hundreds digit of i?
2
Let n = 2852 - -1503. What is the thousands digit of n?
4
What is the units digit of 54668/5 + 108/(-180)?
3
Let n(w) = w**2 + w - 2. Let l be n(-3). Suppose -19*u + 33 = -5. Suppose 3*f + 2*y = l*f - 15, u*f - 9 = -3*y. What is the units digit of f?
9
Let b(y) = -22*y + 287. Let a be b(13). Let s(p) = 1531*p**3 + 2*p**2 + 2*p - 2. What is the tens digit of s(a)?
3
Let r = 65820 - 44244. What is the thousands digit of r?
1
Let t = 113 + -108. Suppose -k + t*a = -123, 27*a + 246 = 2*k + 22*a. What is the units digit of k?
3
Suppose -64483 - 260061 = -15*g - g. What is the thousands digit of g?
0
Suppose 25*d - 145982 = -22*d. What is the thousands digit of d?
3
Let h = 17808 - 9135. What is the tens digit of h?
7
Suppose -3*d + 28 = -4*p, -3*p + 5 = -3*d + 32. Suppose 0 = 4*a - 5*n + d, 0 = 3*a + 5*n - 23 - 6. Suppose 268 = a*t - 8. What is the tens digit of t?
9
Let c(l) = 6104*l + 269. What is the tens digit of c(4)?
8
Let l(t) = -t + 4. Let u be l(-1). Let x be (-4)/u + 2/(-2 + -8). What is the tens digit of (-52 - x)/(18/(-24))?
6
Suppose -230 = 10*x - 90. Let f(t) = 3*t + 46. Let u be f(x). Suppose -u*m = -44 + 4. What is the tens digit of m?
1
Suppose z = -z + 220. Let n = z + -110. Suppose 2*q - 3*q - a + 262 = n, -4*q + 1048 = -a. What is the hundreds digit of q?
2
Let i(z) be the first derivative of z + 5 + 16/3*z**3 - 4*z**2. What is the units digit of i(3)?
1
Let j(a) = -a**2 - 2*a - 1. Let c be j(-3). Let z(b) = b - 5. Let f(h) = -16*h + 19. Let m(i) = f(i) + 2*z(i). What is the units digit of m(c)?
5
What is the hundreds digit of ((-2)/1 - 3318)/(2*(-1)/8)?
2
Let i(v) = v + 5. Let w be i(-5). Suppose x + 3*c = -292, 0 = 2*x - 2*c - w*c + 616. Let t = x + 433. What is the units digit of t?
9
What is the tens digit of (51/(-102))/(2/20*(-40)/155616)?
5
Let l(g) be the first derivative of 117*g**2/2 - 4*g - 42. Let o(k) = -k**2 - 8*k + 1. Let b be o(-8). What is the units digit of l(b)?
3
Let x = 1753 - -814. What is the units digit of x?
7
Suppose 143*v - 154520 - 1354435 = 128538. What is the hundreds digit of v?
4
Let c = -294 + 322. Suppose 9*i = -c*i + 33818. What is the units digit of i?
4
Let b(j) = 64*j**2 - 103*j + 1088. What is the tens digit of b(10)?
5
Let f be (-145 - 1)/(-3 + 1). Suppose 2*l - 119 = -f. Let x(s) = 2*s + 26. What is the tens digit of x(l)?
7
Suppose -4*x + 4 = -16. Suppose -2*y - 2*y - 1072 = 4*p, -2*p - x*y = 524. Let f = p - -382. What is the tens digit of f?
1
Let h(d) = -d**2 - 14*d - 3. Let k(x) = -x - 10. Let i be k(-6). Let w be ((-55)/(-10))/(2/i). What is the units digit of h(w)?
0
Let w = -4867 - -17629. What is the thousands digit of w?
2
Let o(y) = 7*y**3 + 33*y**2 - 276*y - 94. What is the units digit of o(16)?
0
Let g = 5735 + -727. What is the hundreds digit of g?
0
Suppose 5*q - 1829 - 1316 = 0. What is the hundreds digit of q?
6
Suppose 5*g - 10 = 0, 2*z - 288 = 6*z + 2*g. Let d = -6213 + 6519. Let c = d + z. What is the hundreds digit of c?
2
Let y = -73 + 94. Suppose 1314 = y*f - 3*f. What is the tens digit of f?
7
Let u(y) = y**2 - 12*y + 22. Let j be u(10). Let z be -1*j*850/17. Let b = z - -141. What is the tens digit of b?
4
Suppose -v = 6*v. Suppose v = -2*b - 2*b - 320. What is the units digit of (-9)/(-4 - 308/b)?
0
Let o(n) = -n**3 + 4*n**2 - n - 1. Suppose -3*h = -13*h + 30. Let v be o(h). Suppose 179 = l - 2*a, v*a + 609 + 107 = 4*l. What is the units digit of l?
9
Let l(g) = -4*g**2 - 7*g + 0*g - 5*g + 3*g**2 + 86. What is the tens digit of l(-16)?
2
Suppose -10742 - 15032 = -98*v. What is the units digit of v?
3
Suppose 0*z - 2*z - 2 = 3*v, 0 = 4*v + 4*z - 4. Let n be ((-180)/(-40))/((-6)/v). What is the tens digit of (171/36)/(n/12)?
1
Let z(j) = j**3 - 5*j**2 - 6*j + 3. Let i be z(6). Suppose -4*s = 0, -i*s + 2*s - 70 = 5*k. What is the units digit of (-1 + k)/((-11)/22)?
0
Let o = 546 - 546. Suppose -5*g + d + 2468 = o, -5*g + 7*g - 3*d = 995. What is the units digit of g?
3
Let f = -87 + 91. Suppose 3*d - f*j - 460 = -3*j, 4*d - 600 = 4*j. What is the tens digit of d?
5
Let p be 3/21 + 580/203. Suppose p*j - 2809 = b - 179, 5*j + 4*b = 4372. What is the hundreds digit of j?
8
Let a = 352 + -234. Let h be (5 + -4 - 1)/(2/(-2)). Suppose -4*b = -h*f - f - a, -5*b + 144 = -3*f. What is the units digit of b?
0
Let d(a) = -8*a**3 - 9*a**2 - 19*a + 12. What is the thousands digit of d(-7)?
2
Let t(v) = -6*v + 34. Let u be t(6). Let c be 3*((-28)/(-3))/u. Let z(r) = -r**3 - 14*r**2 - 7*r - 24. What is the tens digit of z(c)?
7
Suppose -3*s - 4*f + 43 = 2*s, -10 = -2*s - 4*f. Suppose s*h - 4*h - 336 = 0. What is the tens digit of h?
4
Suppose -p + 2*p = -1756. Let f = 2941 + p. What is the units digit of f?
5
Let g(i) = 10*i**2 - 2. Suppose -4*j = -7*j + 6, 5 = -t + 3*j. Let f be g(t). Let o = 23 + f. What is the tens digit of o?
3
Let s be (5 - 3) + 15 + 1. Suppose -2*i = b, -3*b + 3*i - 9 = s. What is the hundreds digit of 2*(-381)/b - 2?
1
Let l = 20 - -10. Suppose -l = u - 6*u. Suppose 37 = u*x - 89. What is the tens digit of x?
2
Let y be (-399)/(-14) + (-2)/(12/9). Let h be (104/(-18) - -4) + (-6)/y. What is the units digit of h/(-9) - (-8574)/54?
9
Let u(j) = -61*j - 18. Suppose -3*m + 4*i = 21, 3*m - 2*i = -0*i - 15. What is the tens digit of u(m)?
6
Let a(v) = -5 + 95*v + 28 + 0*v + 15*v. What is the units digit of a(2)?
3
Let z = 567 - -1554. What is the units digit of z?
1
Let s(u) = -1479*u - 1399. What is the units digit of s(-6)?
5
Let w = -36 - -39. Suppose -2*b - w*a + 369 = b, -5*b - 3*a = -619. Suppose -193 = b*x - 126*x. What is the units digit of x?
3
Suppose -21*m = -8*m + 78. What is the tens digit of (10/m)/((-6)/180)?
5
Let g(n) = -103*n - 162. Let d be g(-31). What is the tens digit of d/4 - ((-13)/(-4))/(-13)?
5
Let r(h) = 54*h**3 - h**2 + 3*h - 2. Let x = -75 - -75. Suppose -10*i + 3 + 7 = x. What is the units digit of r(i)?
4
Let w be 774/24*8/6. Let g = 46 - w. Suppose g*c - 2*c = 166. What is the hundreds digit of c?
1
Suppose 87*k - 105 = 15 + 54. Let x(j) = 27*j**2 + 3*j + 4. Let g(c) = -c**2 - 1. Let s(d) = g(d) + x(d). What is the tens digit of s(k)?
1
Let h be ((-8)/(-3 + 1))/2. Let x be 0 + h - (4 + -4). Suppose -u = -2*u - 5*a + 36, u = -x*a + 51. What is the tens digit of u?
6
What is the units digit of (472722/14 + 1/7)/(6/15)?
5
Let l(q) be the third derivative of q**6/360 + 17*q**4/24 + 5*q**3/3 + 29*q**2. Let b(a) be the first derivative of l(a). What is the units digit of b(7)?
6
Let t = 36 + -45. Let o be (0 + (-7)/(21/2))*t. Suppose -o*z - 90 = -8*z. What is the tens digit of z?
4
Suppose -3 = -w - 17*r + 16*r, 4*r - 15 = -w. What is the tens digit of (w + 21)*(-9669)/(-132)?
6
Suppose 11095 = d - 2*i, -64*i + 60*i = -5*d + 55457. What is the hundreds digit of d?
0
Suppose -2*k + 24900 = -5*x, 5*k = 62*x - 63*x + 62223. What is the thousands digit of k?
2
Suppose -5*r + 28*r = -14*r + 529692. What is the units digit of r?
6
Suppose 3*o - 13752 = 2*f + 40230, 71972 = 4*o - 4*f. What is the ten thousands digit of o?
1
Suppose 2*t + 0*t - 20 = 0. Suppose 7*x = 2*x + t. Suppose 5*m - 491 = -4*a, 0 = -3*m + x*a + 43 + 256. What is the units digit of m?
9
Let p = -1347 + 1347. Let z(u) = -37*u. Let g be z(-3). Suppose p*y - y = -g. What is the hundreds digit of y?
1
Suppose -8*m - 1485 = -377